{"id":24,"date":"2025-05-03T00:44:41","date_gmt":"2025-05-02T22:44:41","guid":{"rendered":"https:\/\/smartpoint.nu\/?page_id=24"},"modified":"2025-08-28T22:45:29","modified_gmt":"2025-08-28T20:45:29","slug":"smartpoint","status":"publish","type":"page","link":"https:\/\/smartpoint.nu\/?page_id=24","title":{"rendered":"Produkt"},"content":{"rendered":"\n<div class=\"wp-block-cover alignfull has-custom-content-position is-position-bottom-center\" style=\"margin-top:0;margin-bottom:0;padding-top:var(--wp--preset--spacing--50);padding-right:var(--wp--preset--spacing--50);padding-bottom:var(--wp--preset--spacing--50);padding-left:var(--wp--preset--spacing--50);min-height:840px;aspect-ratio:unset;\"><img loading=\"lazy\" decoding=\"async\" width=\"1024\" height=\"681\" class=\"wp-block-cover__image-background wp-image-54 size-large\" alt=\"\" src=\"https:\/\/smartpoint.nu\/wp-content\/uploads\/2025\/05\/alessandro-armignacco-v4K460P4Z9E-unsplash-1024x681.jpg\" data-object-fit=\"cover\" srcset=\"https:\/\/smartpoint.nu\/wp-content\/uploads\/2025\/05\/alessandro-armignacco-v4K460P4Z9E-unsplash-1024x681.jpg 1024w, https:\/\/smartpoint.nu\/wp-content\/uploads\/2025\/05\/alessandro-armignacco-v4K460P4Z9E-unsplash-300x200.jpg 300w, https:\/\/smartpoint.nu\/wp-content\/uploads\/2025\/05\/alessandro-armignacco-v4K460P4Z9E-unsplash-768x511.jpg 768w, https:\/\/smartpoint.nu\/wp-content\/uploads\/2025\/05\/alessandro-armignacco-v4K460P4Z9E-unsplash-1536x1022.jpg 1536w, https:\/\/smartpoint.nu\/wp-content\/uploads\/2025\/05\/alessandro-armignacco-v4K460P4Z9E-unsplash-2048x1362.jpg 2048w\" sizes=\"auto, (max-width: 1024px) 100vw, 1024px\" \/><span aria-hidden=\"true\" class=\"wp-block-cover__background has-background-dim\"><\/span><div class=\"wp-block-cover__inner-container has-global-padding is-layout-constrained wp-container-core-cover-is-layout-d89aad35 wp-block-cover-is-layout-constrained\">\n<div class=\"wp-block-group alignwide has-global-padding is-content-justification-left is-layout-constrained wp-container-core-group-is-layout-12dd3699 wp-block-group-is-layout-constrained\">\n<h2 class=\"wp-block-heading has-text-align-left has-text-color has-link-color has-xx-large-font-size wp-elements-30cb0e99be474a6605bfb15539f20d2a\" style=\"color:#0097b2\">Smartpoint \u2013 Indsigt i dine bes\u00f8gende gjort enkelt<\/h2>\n\n\n\n<p>Smartpoint giver dig anonym data om, hvem der opholder sig i dine lokaler. Du f\u00e5r indsigt i bes\u00f8gstal, opholdstider, bev\u00e6gelsesm\u00f8nstre og demografi, som kan bruges til at optimere kundeoplevelsen og styrke din drift.<\/p>\n\n\n\n<button id=\"scrollToSystem\" style=\"background-color: #0097B2; color: white; padding: 15px 25px; border: none; cursor: pointer; border-radius: 18px;\">\n    Om Smartpoint\n<\/button>\n\n<script>\ndocument.getElementById('scrollToSystem').addEventListener('click', function() {\n    const target = document.getElementById('om-vores-system');\n    if (target) {\n        target.scrollIntoView({ behavior: 'smooth' });\n    }\n});\n<\/script>\n\n\n\n<div style=\"height:70px\" aria-hidden=\"true\" class=\"wp-block-spacer\"><\/div>\n<\/div>\n<\/div><\/div>\n\n\n\n<div class=\"wp-block-group alignfull is-style-section-5 has-background has-global-padding is-layout-constrained wp-block-group-is-layout-constrained is-style-section-5--1\" style=\"background-color:#287777;margin-top:0;margin-bottom:0;padding-top:var(--wp--preset--spacing--50);padding-bottom:var(--wp--preset--spacing--50)\">\n<div class=\"wp-block-columns alignwide is-layout-flex wp-container-core-columns-is-layout-7ee84d44 wp-block-columns-is-layout-flex\">\n<div class=\"wp-block-column is-vertically-aligned-center is-layout-flow wp-block-column-is-layout-flow\" style=\"flex-basis:50%\">\n<h2 class=\"wp-block-heading\">Hvordan virker det?<\/h2>\n\n\n\n<p class=\"has-medium-font-size\">Vores system anvender avancerede sensorer og computer vision. Via forskellige AI-modeller registrerer vores system persontrafik, bev\u00e6gelser og ophold i realtid. Sensorerne registrerer kun de n\u00f8dvendige datapunkter og overf\u00f8rer dem direkte til en cloud-l\u00f8sning \u2013 krypteret og sikkert.<br>Systemet kan udvides med flere sensorer for at d\u00e6kke flere indgange og st\u00f8rre omr\u00e5der, og ved at tilf\u00f8je spotpunkter kan du ogs\u00e5 analysere detaljerede bev\u00e6gelsesm\u00f8nstre.<\/p>\n\n\n\n<p class=\"has-medium-font-size\">L\u00f8sningen er fleksibel og skalerbar!<\/p>\n<\/div>\n\n\n\n<div class=\"wp-block-column is-vertically-aligned-center is-layout-flow wp-block-column-is-layout-flow\" style=\"flex-basis:50%\">\n<figure class=\"wp-block-image size-full\"><img loading=\"lazy\" decoding=\"async\" width=\"1707\" height=\"2560\" src=\"https:\/\/smartpoint.nu\/wp-content\/uploads\/2025\/05\/matthieu-beaumont-iYnpYeyu57k-unsplash-scaled.jpg\" alt=\"\" class=\"wp-image-90\" style=\"aspect-ratio:1;object-fit:cover\" srcset=\"https:\/\/smartpoint.nu\/wp-content\/uploads\/2025\/05\/matthieu-beaumont-iYnpYeyu57k-unsplash-scaled.jpg 1707w, https:\/\/smartpoint.nu\/wp-content\/uploads\/2025\/05\/matthieu-beaumont-iYnpYeyu57k-unsplash-200x300.jpg 200w, https:\/\/smartpoint.nu\/wp-content\/uploads\/2025\/05\/matthieu-beaumont-iYnpYeyu57k-unsplash-683x1024.jpg 683w, https:\/\/smartpoint.nu\/wp-content\/uploads\/2025\/05\/matthieu-beaumont-iYnpYeyu57k-unsplash-768x1152.jpg 768w, https:\/\/smartpoint.nu\/wp-content\/uploads\/2025\/05\/matthieu-beaumont-iYnpYeyu57k-unsplash-1024x1536.jpg 1024w, https:\/\/smartpoint.nu\/wp-content\/uploads\/2025\/05\/matthieu-beaumont-iYnpYeyu57k-unsplash-1365x2048.jpg 1365w\" sizes=\"auto, (max-width: 1707px) 100vw, 1707px\" \/><\/figure>\n<\/div>\n<\/div>\n<\/div>\n\n\n\n<div class=\"wp-block-group alignfull has-global-padding is-layout-constrained wp-block-group-is-layout-constrained\" style=\"margin-top:0;margin-bottom:0\">\n<div class=\"wp-block-group alignwide is-layout-flow wp-container-core-group-is-layout-d58a0413 wp-block-group-is-layout-flow\" style=\"padding-top:var(--wp--preset--spacing--50);padding-bottom:var(--wp--preset--spacing--50)\">\n<h2 class=\"wp-block-heading has-x-large-font-size\" id=\"om-vores-system\"><strong>Om vores system<\/strong><\/h2>\n\n\n\n<div class=\"wp-block-columns is-layout-flex wp-container-core-columns-is-layout-cbe57604 wp-block-columns-is-layout-flex\">\n<div class=\"wp-block-column is-layout-flow wp-block-column-is-layout-flow\">\n<div class=\"wp-block-group is-layout-flow wp-block-group-is-layout-flow\" style=\"border-top-color:var(--wp--preset--color--accent-6);border-top-width:1px;padding-top:var(--wp--preset--spacing--30);padding-bottom:var(--wp--preset--spacing--30)\">\n<h3 class=\"wp-block-heading has-x-large-font-size\">Udvid dine muligheder<\/h3>\n\n\n\n<p class=\"has-medium-font-size\">Smartpoint giver dig ikke bare data \u2013 det giver dig mulighed for at skabe din egen <strong>forretningslogik.<\/strong> Ved at krydse dataene fra Smartpoint med fx salgstal, vejrinformation, driftsm\u00e6ssige systemer eller andre datakilder, kan du opbygge analyser, der underst\u00f8tter din strategi endnu st\u00e6rkere.<br><br>Vi hj\u00e6lper dig med at udvide din logik til andre leverand\u00f8r. <\/p>\n<\/div>\n<\/div>\n\n\n\n<div class=\"wp-block-column is-layout-flow wp-block-column-is-layout-flow\">\n<div class=\"wp-block-group is-layout-flow wp-block-group-is-layout-flow\" style=\"border-top-color:var(--wp--preset--color--accent-6);border-top-width:1px;padding-top:var(--wp--preset--spacing--30);padding-bottom:var(--wp--preset--spacing--30)\">\n<h3 class=\"wp-block-heading has-x-large-font-size\">Sikkerhed &amp; GDPR<\/h3>\n\n\n\n<p class=\"has-medium-font-size\">Vi g\u00e5r ikke p\u00e5 kompromis med datasikkerheden.<\/p>\n\n\n\n<p class=\"has-medium-font-size\">Ingen tredjepartsdeling af data \u2013 <strong>du ejer dine data 100%<\/strong>.<br><strong>100% anonym dataindsamling<\/strong> \u2013 ingen personhenf\u00f8rbar data.<br><strong>Fuld GDPR-overholdelse<\/strong> \u2013 vi sikrer, at alle processer er i tr\u00e5d med g\u00e6ldende regler.<\/p>\n<\/div>\n<\/div>\n<\/div>\n\n\n\n<div class=\"wp-block-columns is-layout-flex wp-container-core-columns-is-layout-cbe57604 wp-block-columns-is-layout-flex\">\n<div class=\"wp-block-column is-layout-flow wp-block-column-is-layout-flow\">\n<div class=\"wp-block-group is-layout-flow wp-block-group-is-layout-flow\" style=\"border-top-color:var(--wp--preset--color--accent-6);border-top-width:1px;padding-top:var(--wp--preset--spacing--30);padding-bottom:var(--wp--preset--spacing--30)\">\n<h3 class=\"wp-block-heading has-x-large-font-size\">Du f\u00e5r adgang til dine data via:<\/h3>\n\n\n\n<p><strong><strong>API-integration (fx Power BI)<\/strong><\/strong><br>Vi g\u00f8r det nemt at integrere dine data direkte ind i dit eget system via API. Det betyder, at du kan kombinere Smartpoint\u2019s data med andre datakilder og bygge din egen forretningslogik, pr\u00e6cis som det passer dig. Uanset om du arbejder med analyser i Power BI eller andre v\u00e6rkt\u00f8jer, sikrer vi en fleksibel l\u00f8sning, der giver dig fuld kontrol og frihed.<\/p>\n\n\n\n<p><strong><strong>Dashboard adgang<\/strong><\/strong><br>Du f\u00e5r adgang til et brugervenligt online-dashboard, hvor du nemt kan f\u00f8lge udviklingen \u2013 fx antal bes\u00f8gende, opholdstid, demografi og bev\u00e6gelsesm\u00f8nstre. Dashboardet giver dig et hurtigt overblik og g\u00f8r det muligt at dykke ned i data, uden behov for yderligere ops\u00e6tning.<\/p>\n\n\n\n<p><strong><strong>Automatiske rapportering til e-mail<\/strong><\/strong><br>Hvis I \u00f8nsker en enkel l\u00f8sning, tilbyder vi automatiske rapporter sendt direkte til jeres e-mail. I f\u00e5r friske tal leveret fx hver morgen, s\u00e5 I altid har den nyeste indsigt lige ved h\u00e5nden \u2013 uden at skulle logge ind eller tr\u00e6kke data manuelt.<\/p>\n<\/div>\n<\/div>\n\n\n\n<div class=\"wp-block-column is-layout-flow wp-block-column-is-layout-flow\">\n<div class=\"wp-block-group is-layout-flow wp-block-group-is-layout-flow\" style=\"border-top-color:var(--wp--preset--color--accent-6);border-top-width:1px;padding-top:var(--wp--preset--spacing--30);padding-bottom:var(--wp--preset--spacing--30)\">\n<h3 class=\"wp-block-heading has-x-large-font-size\">Hvor kan det bruges?<\/h3>\n\n\n\n<p class=\"has-large-font-size\" style=\"font-style:normal;font-weight:400\">Smartpoint kan anvendes i alle typer indend\u00f8rs milj\u00f8er, hvor du har brug for indsigt i bes\u00f8gendes adf\u00e6rd. Det er ideelt til fx:<br><br><strong>Idr\u00e6ts- og Sportscentre:<\/strong><br>Haller, sv\u00f8mmebassiner, tr\u00e6ningsomr\u00e5der og hele idr\u00e6tsanl\u00e6g.<br><br><strong>Kultur, Event &amp; Offentlige Rum:<\/strong><br>Kulturhuse, biblioteker, borgerservice, events, kongresser, messer og offentlige bygninger.<br><br><strong>Hotel, Kantine &amp; Erhverv:<\/strong><br>Hoteller, kantiner, domiciler, caf\u00e9er og st\u00f8rre erhvervsbygninger.<br><br><strong>Retail &amp; Detailhandel:<\/strong><br>Butikker, shoppingcentre og stormagasiner.<br><br>-eller andre steder, hvor der er behov for at t\u00e6lle og analysere p\u00e5  bev\u00e6gelsesflow. <\/p>\n<\/div>\n<\/div>\n<\/div>\n<\/div>\n<\/div>\n\n\n\n<div class=\"wp-block-group alignfull is-style-section-5 has-background has-global-padding is-layout-constrained wp-block-group-is-layout-constrained is-style-section-5--2\" style=\"background-color:#287777;margin-top:0;margin-bottom:0;padding-top:var(--wp--preset--spacing--50);padding-bottom:var(--wp--preset--spacing--50)\">\n<div class=\"wp-block-columns alignwide is-layout-flex wp-container-core-columns-is-layout-7ee84d44 wp-block-columns-is-layout-flex\">\n<div class=\"wp-block-column is-vertically-aligned-center is-layout-flow wp-block-column-is-layout-flow\" style=\"flex-basis:50%\">\n<h2 class=\"wp-block-heading\">Hvad kan du bruge det til?<\/h2>\n\n\n\n<p class=\"has-medium-font-size\">Med indsigt i, hvordan bes\u00f8gende bruger dit sted, kan du blandt andet:<\/p>\n\n\n\n<p class=\"has-medium-font-size\">\u2705 <strong>Tr\u00e6ffe bedre beslutninger<\/strong><br>Bas\u00e9r strategiske valg p\u00e5 faktiske data fremfor mavefornemmelser.<\/p>\n\n\n\n<p class=\"has-medium-font-size\">\u2705 <strong>Planl\u00e6gge bemanding og ressourcer<\/strong><br>Tilpas drift og bemanding ud fra reelle bes\u00f8gstal.<\/p>\n\n\n\n<p class=\"has-medium-font-size\">\u2705 <strong>Optimere indretning og flow<\/strong><br>Forbedr kundeoplevelsen ved at justere layout og publikumsflow.<\/p>\n\n\n\n<p class=\"has-medium-font-size\">\u2705 <strong>Underst\u00f8tte kapacitets- og sikkerhedsstyring<\/strong><br>S\u00f8rg for, at dit sted altid lever op til krav om kapacitet og sikkerhed.<\/p>\n\n\n\n<p class=\"has-medium-font-size\">\u2705 <strong>M\u00e5lrette tilbud og kampagner<\/strong><br>Brug bes\u00f8gsm\u00f8nstre til at tilpasse dine kampagner og tilbud.<\/p>\n<\/div>\n\n\n\n<div class=\"wp-block-column is-vertically-aligned-center is-layout-flow wp-block-column-is-layout-flow\" style=\"flex-basis:50%\">\n<figure class=\"wp-block-image size-full\"><img loading=\"lazy\" decoding=\"async\" width=\"500\" height=\"500\" src=\"https:\/\/smartpoint.nu\/wp-content\/uploads\/2025\/08\/PC-med-dashboard.png\" alt=\"\" class=\"wp-image-404\" style=\"aspect-ratio:1;object-fit:cover\" srcset=\"https:\/\/smartpoint.nu\/wp-content\/uploads\/2025\/08\/PC-med-dashboard.png 500w, https:\/\/smartpoint.nu\/wp-content\/uploads\/2025\/08\/PC-med-dashboard-300x300.png 300w, https:\/\/smartpoint.nu\/wp-content\/uploads\/2025\/08\/PC-med-dashboard-150x150.png 150w\" sizes=\"auto, (max-width: 500px) 100vw, 500px\" \/><\/figure>\n<\/div>\n<\/div>\n<\/div>\n","protected":false},"excerpt":{"rendered":"<p>Hvordan virker det? Vores system anvender avancerede sensorer og computer vision. Via forskellige AI-modeller registrerer vores system persontrafik, bev\u00e6gelser og ophold i realtid. Sensorerne registrerer kun de n\u00f8dvendige datapunkter og overf\u00f8rer dem direkte til en cloud-l\u00f8sning \u2013 krypteret og sikkert.Systemet kan udvides med flere sensorer for at d\u00e6kke flere indgange og st\u00f8rre omr\u00e5der, og ved [&hellip;]<\/p>\n","protected":false},"author":2,"featured_media":0,"parent":0,"menu_order":0,"comment_status":"closed","ping_status":"closed","template":"page-no-title","meta":{"footnotes":""},"class_list":["post-24","page","type-page","status-publish","hentry"],"_links":{"self":[{"href":"https:\/\/smartpoint.nu\/index.php?rest_route=\/wp\/v2\/pages\/24","targetHints":{"allow":["GET"]}}],"collection":[{"href":"https:\/\/smartpoint.nu\/index.php?rest_route=\/wp\/v2\/pages"}],"about":[{"href":"https:\/\/smartpoint.nu\/index.php?rest_route=\/wp\/v2\/types\/page"}],"author":[{"embeddable":true,"href":"https:\/\/smartpoint.nu\/index.php?rest_route=\/wp\/v2\/users\/2"}],"replies":[{"embeddable":true,"href":"https:\/\/smartpoint.nu\/index.php?rest_route=%2Fwp%2Fv2%2Fcomments&post=24"}],"version-history":[{"count":66,"href":"https:\/\/smartpoint.nu\/index.php?rest_route=\/wp\/v2\/pages\/24\/revisions"}],"predecessor-version":[{"id":405,"href":"https:\/\/smartpoint.nu\/index.php?rest_route=\/wp\/v2\/pages\/24\/revisions\/405"}],"wp:attachment":[{"href":"https:\/\/smartpoint.nu\/index.php?rest_route=%2Fwp%2Fv2%2Fmedia&parent=24"}],"curies":[{"name":"wp","href":"https:\/\/api.w.org\/{rel}","templated":true}]}}