{"id":21,"date":"2025-05-03T00:43:10","date_gmt":"2025-05-02T22:43:10","guid":{"rendered":"https:\/\/smartpoint.nu\/?page_id=21"},"modified":"2025-08-04T20:52:56","modified_gmt":"2025-08-04T18:52:56","slug":"om-os","status":"publish","type":"page","link":"https:\/\/smartpoint.nu\/?page_id=21","title":{"rendered":"Om os"},"content":{"rendered":"\n<div class=\"wp-block-group has-global-padding is-layout-constrained wp-block-group-is-layout-constrained\">\n<h2 class=\"wp-block-heading\"><strong>Hvem vi er<\/strong><\/h2>\n\n\n\n<p>Smartpoint er en dansk virksomhed med base i Aalborg. Vi har udviklet en l\u00f8sning, der g\u00f8r det muligt at analysere menneskeflow og adf\u00e6rd i fysiske indend\u00f8rs milj\u00f8er. Vores m\u00e5l er at give virksomheder og organisationer brugbar indsigt, som kan hj\u00e6lpe med at optimere kundeoplevelsen, effektivisere driften og skabe et bedre grundlag for beslutninger.<\/p>\n\n\n\n<div style=\"height:25px\" aria-hidden=\"true\" class=\"wp-block-spacer\"><\/div>\n\n\n\n<h2 class=\"wp-block-heading\"><strong><strong>Hvad vi laver<\/strong><\/strong><\/h2>\n\n\n\n<p>Vi arbejder med avanceret flow management ved hj\u00e6lp af sensorteknologi og AI. Vores systemer registrerer og analyserer bev\u00e6gelser og opholdsm\u00f8nstre i realtid \u2013 uden at kompromittere privatlivet. Det betyder, at vores kunder f\u00e5r adgang til v\u00e6rdifulde data om fx bes\u00f8gsantal, opholdstid og kapacitetsudnyttelse, som kan bruges til alt fra bemandingsplanl\u00e6gning til markedsf\u00f8ring.<\/p>\n\n\n\n<div style=\"height:25px\" aria-hidden=\"true\" class=\"wp-block-spacer\"><\/div>\n\n\n\n<h2 class=\"wp-block-heading\"><strong><strong>Vores mission<\/strong><\/strong><\/h2>\n\n\n\n<p>Vi vil g\u00f8re data til et praktisk v\u00e6rkt\u00f8j for alle, der arbejder med fysiske rum \u2013 uanset om det er retail, restauration, events eller offentlige institutioner. Med Smartpoint f\u00e5r du fakta, ikke g\u00e6tteri.<\/p>\n\n\n\n<div style=\"height:25px\" aria-hidden=\"true\" class=\"wp-block-spacer\"><\/div>\n\n\n\n<h2 class=\"wp-block-heading\"><strong><strong>Bag Smartpoint<\/strong><\/strong><\/h2>\n\n\n\n<p>Smartpoint er grundlagt af et team med erfaring inden for teknologisk udvikling, salg og forretningsudvikling. Vi tror p\u00e5 en hands-on tilgang og arbejder t\u00e6t sammen med vores kunder for at skabe l\u00f8sninger, der g\u00f8r en reel forskel.<\/p>\n<\/div>\n","protected":false},"excerpt":{"rendered":"<p>Hvem vi er Smartpoint er en dansk virksomhed med base i Aalborg. Vi har udviklet en l\u00f8sning, der g\u00f8r det muligt at analysere menneskeflow og adf\u00e6rd i fysiske indend\u00f8rs milj\u00f8er. Vores m\u00e5l er at give virksomheder og organisationer brugbar indsigt, som kan hj\u00e6lpe med at optimere kundeoplevelsen, effektivisere driften og skabe et bedre grundlag for [&hellip;]<\/p>\n","protected":false},"author":2,"featured_media":0,"parent":0,"menu_order":0,"comment_status":"closed","ping_status":"closed","template":"page-no-title","meta":{"footnotes":""},"class_list":["post-21","page","type-page","status-publish","hentry"],"_links":{"self":[{"href":"https:\/\/smartpoint.nu\/index.php?rest_route=\/wp\/v2\/pages\/21","targetHints":{"allow":["GET"]}}],"collection":[{"href":"https:\/\/smartpoint.nu\/index.php?rest_route=\/wp\/v2\/pages"}],"about":[{"href":"https:\/\/smartpoint.nu\/index.php?rest_route=\/wp\/v2\/types\/page"}],"author":[{"embeddable":true,"href":"https:\/\/smartpoint.nu\/index.php?rest_route=\/wp\/v2\/users\/2"}],"replies":[{"embeddable":true,"href":"https:\/\/smartpoint.nu\/index.php?rest_route=%2Fwp%2Fv2%2Fcomments&post=21"}],"version-history":[{"count":16,"href":"https:\/\/smartpoint.nu\/index.php?rest_route=\/wp\/v2\/pages\/21\/revisions"}],"predecessor-version":[{"id":379,"href":"https:\/\/smartpoint.nu\/index.php?rest_route=\/wp\/v2\/pages\/21\/revisions\/379"}],"wp:attachment":[{"href":"https:\/\/smartpoint.nu\/index.php?rest_route=%2Fwp%2Fv2%2Fmedia&parent=21"}],"curies":[{"name":"wp","href":"https:\/\/api.w.org\/{rel}","templated":true}]}}